alse
Let o = 65322 + -32301. Suppose -10*m = -19*m + o. Is m prime?
False
Let c be -10 + 8 + (3 - -3). Let a = 82 + c. Is a composite?
True
Let d be (12/42)/(1/21). Let s be d/2 - (1 + -1). Suppose -3*b + 77 = -5*j, 2*j + 45 = s*b + 5*j. Is b a prime number?
True
Let m(r) be the third derivative of 7*r**7/80 + 13*r**6/720 + 3*r**5/5 - 20*r**2. Let i(h) be the third derivative of m(h). Is i(4) a prime number?
True
Suppose -6*a + 2*a = -t + 22, -3*t - 3*a - 9 = 0. Let k be 11*(86 + 6/t). Suppose -7*s = -1058 - k. Is s prime?
False
Let b(m) be the first derivative of 7*m**3/3 + 4*m**2 + 18*m - 3. Suppose 0 = -8*l + 73 + 15. Is b(l) composite?
False
Let q(j) = -j**2 + 21*j - 8. Let h be q(11). Suppose 37*p - h = 34*p. Let c = p - -483. Is c a prime number?
False
Let m = 310 - 355. Let u = m + 4256. Is u a prime number?
True
Let p be 1/((-5)/(-460)*4). Suppose -3*f + p = r, -16 - 6 = -r - 2*f. Suppose r = j - 965. Is j prime?
False
Let p be (-157052)/(-10) - -1 - 1/5. Is p*(-3 + (-28)/(-8)) a composite number?
False
Let t(l) = -2*l**3 - 21*l**2 - 33*l - 145. Is t(-19) prime?
True
Suppose 367*a - 151326 = 241*a. Is a prime?
True
Let p(i) = -i**3 - 9*i**2 - 15*i - 2. Let k be p(-7). Suppose k*v + 45 = -0*v. Is 6/v*(-3573)/6 a composite number?
False
Suppose 868818 = 5*y - 2*q - 7568961, 5*y = -5*q + 8437835. Is y a prime number?
True
Is (125/5)/(-50) - (-815)/2 a composite number?
True
Suppose 3517 - 11429 = -23*y. Suppose -4*z + y = 4*j, -2*z + z - 324 = -4*j. Is j a composite number?
True
Let y = -566 + 557. Is 195/26*(-8886)/y composite?
True
Let p(o) = -40807*o + 4412. Is p(-11) prime?
True
Suppose -4*b = -12, 2*f - 386491 = 2*b + 148029. Is f prime?
False
Is -4*9/4 - (-70028 - 0) prime?
True
Is 1/((4/4)/(121292 - -5)) a composite number?
True
Let h(o) = -o**3 + 4*o**2 + 8*o - 12. Let r be h(5). Let c(z) = -2 + 5 + z**r - 3*z**2 + 0 - 2*z - 2*z. Is c(6) composite?
True
Let h(s) = 6804*s**3 - 1. Let p = 5 - 4. Is h(p) a composite number?
False
Let z be 19/4 + (-40)/(-32) + -2. Suppose 5*a - z*p + 37 = 0, -a = -0*a + 3*p - 4. Is -2*((-6618)/4 - a) prime?
True
Let k(u) = u**3 + 47*u**2 + 39*u - 87. Let a be k(-47). Let t = a + 3319. Is t a composite number?
False
Let p = 16229 - 23578. Let u = -17621 - p. Is (u/(-9) - -3)*3 a composite number?
False
Let u be -2 + -2 + -1 + 186/2. Is -70251*(u/24)/(-11) a composite number?
False
Let y(x) = 49644*x + 779. Is y(20) a composite number?
True
Is ((-10)/(-6))/(210/28451934) prime?
True
Suppose -3*f + 100633 = 5*u, 0 = 5*f - 10*u + 15*u - 167715. Is f composite?
True
Let r = 6882 - 894. Let o = r + -2939. Is o a prime number?
True
Let c be (1/3)/(100/900). Let l = -3 + 7. Suppose -c*u + 687 = -4*r, r = l*u + 5*r - 944. Is u a prime number?
True
Suppose -4*z + 24 = 3*y + 10, 0 = z + 1. Suppose -205 = -y*v + 14813. Is v a composite number?
False
Let g(s) = 278*s - 145. Let u(a) = -834*a + 436. Let i(q) = 17*g(q) + 6*u(q). Is i(-9) prime?
False
Let n = -134683 + 268602. Is n composite?
False
Let m(r) = 2*r - 21. Let d be m(23). Suppose s - d = 6. Let i = s + 238. Is i a prime number?
True
Let j(r) = 3392*r**2 - 10*r + 13. Let u be 3/(6/8*-10)*-5. Is j(u) prime?
False
Is (560/(-64) - -10) + (-1281597)/(-12) composite?
False
Let p(u) = 3*u**2 + 15*u - 2. Let k be ((-4)/(-11))/2 - (-145)/(-11). Let j be p(k). Suppose 3*s - 296 = j. Is s a prime number?
False
Suppose 5*q = 4*s - 52, 0*s - 5*q - 28 = -s. Is (s/24)/((-6)/(-8622)) a prime number?
True
Suppose -52*n + 3098542 = 1009089 - 5536399. Is n composite?
True
Let f(h) = 378*h - 383. Is f(72) a prime number?
True
Let i(m) = m**3 - m**2 - 42*m + 45. Let f(v) = -v**3 + 5*v**2 + 8*v - 20. Let s be f(5). Is i(s) a composite number?
True
Let g(d) = 147*d**2 - 3*d + 5. Let o be -4 - ((-36)/48)/(2/(-16)). Let n = 7 + o. Is g(n) a prime number?
False
Suppose -2492*d + 491922 = -2474*d. Is d composite?
False
Let i(s) = s**3 + 4*s**2 - 6*s - 3. Let x be i(-5). Suppose -2*g + 5 = l, 5 = 4*g - x*l - l. Suppose 155 - 601 = -g*m. Is m prime?
True
Suppose 5*l = 285 - 21440. Let z = -2888 - l. Is z prime?
False
Let i(w) = -w**2 - 4*w + 2. Let o be i(-3). Is ((-38544)/56)/(2/(-14)) - o a composite number?
False
Suppose x + 582148 = 2*m, -38*m + 5*x - 1164338 = -42*m. Is m prime?
True
Let p(i) = 21*i**2 - 97*i + 479. Is p(-81) a composite number?
False
Suppose -2*t + 7 = -5. Suppose t*b + 0*b - 12606 = 0. Is b prime?
False
Suppose 0 = 377*j - 407*j + 1369050. Is j composite?
True
Suppose 4*t - 5*t - 23899 + 79758 = 0. Is t composite?
True
Let r = 4 - 2. Let i = -4330 + 4469. Suppose 3*o + f - 1121 = 0, -r*o + 3*f = -i - 601. Is o prime?
True
Let r be ((-6)/(-5))/(2/10). Is (-63192)/96*3*(-56)/r composite?
True
Suppose 0 = -5*x + 5*k + 201510, x - 4*k - 24991 - 15314 = 0. Is x composite?
True
Let m be 2*2*(-2)/(-4). Let z be 60/150 + m/(-10)*2. Suppose -2*q + 234 + 508 = z. Is q composite?
True
Let i be -67 - -2 - 16/(8/(-2)). Let p = i - 1317. Let c = p - -3155. Is c a prime number?
True
Let h = -76011 - -362684. Is h prime?
True
Let k = 25234 - 13299. Suppose k = 3*t - 2*x, -3*t + 0*x + 11931 = -3*x. Is t a composite number?
True
Suppose 4*w = 1 + 11. Suppose -2*q - w*p = -2*p - 44521, -q = 3*p - 22268. Is q a prime number?
True
Suppose -23*a = -100*a + 11415531 + 632890. Is a composite?
True
Let n = -2923 - -904. Is (6 + 1)*n/(-21) prime?
True
Let l(u) = 24*u - 44. Let h be l(2). Is (-1)/2*h + 7439 + -4 a prime number?
True
Let o = 150864 + -62275. Is o a composite number?
False
Let f be -10 + (4 - -5) + -5. Is ((-13)/((-312)/2032))/((-4)/f) a composite number?
False
Suppose -3*f = 3*d - 428511, 0*d - 3*d + 428511 = -2*f. Is d a composite number?
False
Suppose -9823 = 254*t - 265*t. Is t composite?
True
Is (5559905/207 - -4)*9 composite?
False
Suppose 0 = 3*p - 9, 40*k - 2556 = 39*k + p. Suppose 2*m - 6*v = -2*v + 18, 0 = 2*m - 2*v - 14. Suppose m*n + k = 8*n. Is n a prime number?
True
Let q(m) = -m**3 - 3*m**2 + 13*m + 3. Let h be q(-7). Let c be ((h/(-16))/9)/(2/(-8)). Suppose -5*r + 616 = c*r. Is r prime?
False
Suppose -598*a = -610*a + 8628. Is a composite?
False
Suppose n - 6*n = -210. Let g be (-5 - -3) + (2 - -4)*n. Suppose -g = 5*i - 1135. Is i prime?
False
Let a(t) = t**2 + 8*t + 10. Let b be a(-4). Let v(o) = -2*o - 7. Let l be v(b). Suppose i = l*s - 10761, 0*s + 5*i - 2173 = -s. Is s a composite number?
False
Let l(s) = 1293*s**2 - 30*s - 6. Let t be l(2). Is t - 6/12*-16 a composite number?
True
Suppose 5*w + 46 - 15 = 4*n, 2*w - 38 = -2*n. Suppose -n*f + 30891 = 7*f. Is f a composite number?
False
Let b(x) = 205*x**2 + 4*x + 8. Let m be b(-5). Let z = m + -374. Is z a prime number?
False
Let u = -31633 + 84314. Is u composite?
True
Let y = -241887 + 925138. Is y a prime number?
True
Let x be (-16)/(-1) - (-1 - 0). Let w = x - 20. Is (4 - 7)*31/w prime?
True
Suppose 5*o + w = 172004, 0 = 4*o - 6*w + 5*w - 137605. Is o a composite number?
True
Suppose -55*d = 35*d - 836010. Is d prime?
False
Let p(m) = -6*m - 10. Let g be p(-10). Let d = -39 + g. Is (d - 7) + (2 - -185) a composite number?
False
Let h(q) = 1060*q - 11. Let o be h(3). Suppose 0 = 5*c + o + 4411. Is (-2)/1*c/8 a composite number?
False
Let x(c) = 5*c**2 + 100*c - 4. Let u be x(-20). Is (u/2)/(1*(-16)/3064) prime?
True
Let y(v) = -v**3 + 17*v**2 - 2*v + 48. Let z be y(17). Suppose 5*x + 0*x - 58 = -3*l, 5*l - 76 = 2*x. Suppose -z*q = -l*q + 2222. Is q composite?
True
Let r(j) = 11*j**3 - 2*j**2 + 3*j. Let a be r(1). Suppose a*i + 15*i = 115317. Is i a composite number?
False
Is 44/154 + -1 + (-1328368)/(-28) prime?
True
Let l(j) = -j**2 - 3*j + 1. Let k(y) = 3365*y**2 - 43*y - 19. Let f(n) = k(n) - 6*l(n). Is f(-1) prime?
True
Let j(i) = -i**3 + 24*i**2 + 48*i + 98. Let b be j(26). Is (-27742484)/(-588) + b/63 prime?
False
Let t(d) = -11*d**3 + 5*d**2 + 5*d + 4. Let w be t(-3). Suppose 2*l = 2247 - w. Suppose 46*q - 45*q = l. Is q a composite number?
True
Suppose 14*n + 893865 = 35*n. Is n a prime number?
False
Let d = -265 + 7. Let x = d - 47. Is 1 - (1 + (x - 2)) composite?
False
Let y = 5185 + -4900. Suppose -6 = 2*b - 4*j, 5*b - j - 6 - 6 = 0. Suppose 2*t - y = -b*t. Is t prime?
False
Let c = -274 - -472. Let t(d) = -78 + 157 + c*d - 86. Is t(3) prime?
True
Let h = 580 + -394. Suppose 5811 = 